e
Let m(l) = 2*l**3 - 24*l**2 + 7*l + 16. Let y be m(12). Suppose 3*a - y = -2*a. Let g = 34 - a. Is g a multiple of 14?
True
Let t(w) = 38*w + 84. Is t(1) a multiple of 28?
False
Suppose -5*f + 7440 = -f. Is f a multiple of 30?
True
Does 42 divide (11 - (13 - 458)) + 6?
True
Let a = 7 + -5. Suppose a = m - 62. Is m a multiple of 32?
True
Let x(s) = s**3 + 5*s**2 - s + 8. Let t be x(-4). Does 11 divide (-7)/(t/(-8)) + 63?
False
Let n(g) = 12*g - 6. Let d(c) = c**3 - 7*c**2 + 8*c - 2. Let v be d(6). Suppose -5*w = 5*q, 5*q + v = -w + 2*q. Is n(w) a multiple of 14?
False
Is 74 a factor of -299*(28/(-56) - (-1)/(-2))?
False
Let z be (-68)/6*2*(-3)/4. Is ((-1)/(-2))/(z/1802) a multiple of 5?
False
Suppose 30 = 12*i - 18. Suppose 15*u - i*u = 1100. Is 20 a factor of u?
True
Does 86 divide (-430)/(-4)*8/(4 - 2)?
True
Let x(a) = -a**3 - 3*a**2 + 3*a - 4. Let c be x(-4). Let m be 1 - c - 6/1. Let v(r) = r**3 + 5*r**2 - 4*r. Is v(m) a multiple of 10?
True
Suppose -4*s - 3 - 5 = 0. Is 12 a factor of -5 + 2 + 29 + s?
True
Let z = 6 + -4. Let o be 18*(-3 + z) - -3. Does 11 divide (-597)/o + (-2)/(-10)?
False
Let v(o) = -2*o**2 + o. Let f(q) = q**2 - q. Let x be (-3)/(-12) + 22/8. Let u(y) = x*f(y) + v(y). Does 12 divide u(-6)?
True
Let o be (8/(-6))/(1*(-5)/1035). Does 9 divide -2 - (12/(-30) - o/10)?
False
Let k be (-4)/(-8)*(-4 + -8). Is ((-9)/k)/(6/420) a multiple of 28?
False
Is 53 a factor of 1104 + 6 + ((-12)/4)/(-1)?
True
Let o(z) = -11*z + 6. Let r be o(6). Let f = r + 144. Does 28 divide f?
True
Is 28 a factor of 30/40 + (-6105)/(-20)?
False
Suppose -7 - 2 = 3*c. Suppose b + 3*k - 6 + 9 = 0, 2 = -3*b - 2*k. Is 12/c + b + 58 a multiple of 9?
True
Suppose 1860 = 3*b - 2*c, -5*c = -2*b + 1341 - 112. Is 15 a factor of b?
False
Let x(s) = s - 1. Let b be x(5). Suppose 3*m + 13 = -h + 41, 5*m - b*h - 75 = 0. Suppose 2*g = w + 36, -3*w = g - m - 0. Is g a multiple of 5?
False
Let q be -1 + (-1 - -2 - 2). Let u be q/(-1) - 0/2. Suppose -2*z - u = m, 0 = -3*m - 4*z + 1 + 3. Is m a multiple of 4?
True
Suppose 0 = -5*w - f - 994, -5*w - 3*f = -8*f + 1000. Let z = -93 - w. Does 14 divide z?
False
Let u be 1 - -3*(0 + -3). Let f = -5 - u. Suppose 39 = 2*j - f*z + 1, 0 = -3*j + 3*z + 51. Does 13 divide j?
True
Let v(g) = 154*g + 3. Is v(1) even?
False
Let r(u) = -27*u**3 - 2*u**2 - u. Let n = 7 + 3. Let v = 9 - n. Is 13 a factor of r(v)?
True
Let z(m) = 41*m**2 - 64*m - 130. Is 14 a factor of z(-2)?
False
Suppose 2*x = 5*x. Suppose x*p = -p + 3. Suppose 3*g + 42 = p*b, 4*g - g - 10 = -b. Is 3 a factor of b?
False
Is 8 a factor of 92 + 342/(-99) + (-12)/22?
True
Suppose 14 = 4*y - f, -18 = -3*y - 0*f - 3*f. Suppose -79 = -3*n - m, 0 = n - 5*m - 25 + y. Is 18 a factor of n?
False
Let j = 11 - 9. Let f(a) = 0 - 3*a**j + 6 + 0*a**3 - 2*a + a**3 + 0. Is 14 a factor of f(4)?
True
Suppose 26 = 5*w - 94. Suppose n - 3*p - w = 0, -3*p = n - 7 + 1. Let f = -4 + n. Is f a multiple of 6?
False
Let v be (-70335)/(-72) + (-2)/(-16). Let t = v - 505. Does 59 divide t?
True
Suppose -3*s + 19 = 10. Suppose 0*t - 2*t = 4*r - 446, t - 335 = -s*r. Is 29 a factor of r?
False
Let w be 2/(-1 + 7) - 210/9. Let q = 97 + w. Does 5 divide q?
False
Let w(c) = 163*c**3 - c**2 - 16*c + 32. Is w(2) a multiple of 20?
True
Is 35 a factor of (198/9)/(6/210)?
True
Let u = 456 - -108. Is u a multiple of 12?
True
Let z be 46/(-3) - (-2)/(-3). Let c(v) = -v**2 - 19*v - 12. Is c(z) a multiple of 9?
True
Let b(h) = -8*h**2 - 6*h + 2 + 6*h**2 - 11*h. Suppose 2*v = -d + 2*d - 15, -v - 2*d - 5 = 0. Is b(v) a multiple of 23?
True
Suppose g - 5*g + 332 = 0. Let z = 121 - g. Is z a multiple of 8?
False
Let k(c) = -2*c**3 - 8*c**2 - 13*c - 3. Is k(-6) a multiple of 17?
False
Let m be 4/(-2) + -1 + -8. Let b = -5 - m. Is (b + 2 - 1) + -2 a multiple of 3?
False
Let a(i) = -i**2 + 3*i + 3. Let c be a(-4). Let j be 4/(-10) + (-10)/c. Suppose 10 = -j*b + b. Does 5 divide b?
True
Let k = 16 + -12. Suppose h - 55 = -k*s, -4*h + 3*h = 1. Is 7 a factor of s?
True
Let z(k) = 5*k - 55. Suppose 2*t - 3*j - 21 = 2*j, -20 = -4*j. Does 12 divide z(t)?
True
Suppose -l = -201 + 203, -5*a + 2*l = -574. Is 57 a factor of a?
True
Let s(b) = b. Let g be s(-7). Let a = 10 + g. Suppose 4*u - 36 = -4*v, a*v + 0*v + 2*u = 29. Does 11 divide v?
True
Suppose m - 3045 = -3*w, 0 = -w - 3*m + m + 1010. Suppose -4*p = -2*n - w, 155 = p + 4*n - 117. Is 39 a factor of p?
False
Let x(f) = -8*f - 4. Let m be x(-7). Is 1*m*1/2 a multiple of 17?
False
Suppose 7*u - 902 = 7379. Does 13 divide u?
True
Is 20 a factor of (-12)/(3/((-4470)/20))?
False
Let c(r) be the second derivative of 2*r**3 - 8*r**2 + 8*r. Is 31 a factor of c(8)?
False
Suppose -188 = -6*d + 442. Suppose -3*x = o - 21, 0 = -0*o + 3*o - 5*x - d. Does 11 divide o?
False
Suppose -30 + 84 = 6*f. Let z = f - 11. Is 8 a factor of 3/((-100)/56 - z)?
False
Let v(g) = g**2 - 1. Let a(s) = 3*s**2 - 3*s - 5. Let r(n) = a(n) - 2*v(n). Let o be r(-2). Let w(z) = 9*z + 15. Is 32 a factor of w(o)?
False
Suppose 13439 - 3764 = 9*a. Does 25 divide a?
True
Let p = -74 + 140. Suppose -420 = -5*f - 5*y, 2*y + 338 = 3*f + p. Is 9 a factor of 400/22 + (-16)/f?
True
Suppose -g + 6*g - 2000 = 0. Is 20 a factor of g?
True
Let k = 7 + -4. Suppose -2*b + 4*h = -44, -b + k*h - 2 = -2*b. Suppose -3*j = -50 + b. Is 4 a factor of j?
True
Let o = 650 - -453. Is 30 a factor of o?
False
Suppose -4*v = 6*v - 9480. Is ((-6)/(-4))/(18/v) a multiple of 26?
False
Suppose -s + 2*u = 8, -3*s - u + 3 = 6. Is 5110/84 + s/(-12) a multiple of 25?
False
Let t(g) = 153*g + 790. Is t(20) a multiple of 13?
False
Let x(j) = 353*j + 21. Is 11 a factor of x(1)?
True
Is 67 a factor of 1/2 - (-5)/(70/19229)?
False
Let m be (-9)/(-1) + (-2 - 2). Let o(s) = 35*s - 4. Let g be o(m). Suppose -g = -5*x + 79. Is x a multiple of 11?
False
Let m(u) = -u**2 - 3*u - 2. Let i be m(-3). Let k(q) = q**3 + 3*q**2 - 2. Let o be k(i). Is (11 + -5)/(o/12) a multiple of 18?
True
Suppose 9*r - 491 = -95. Let l = r + -14. Does 5 divide l?
True
Suppose 0 = 10*v + 1903 - 14983. Is v a multiple of 10?
False
Let j(w) = -10*w - 17. Let y(b) = 2*b. Let n be y(-4). Let h be j(n). Let t = -17 + h. Is 10 a factor of t?
False
Is (561/(-9))/(7/(-3) - -2) a multiple of 8?
False
Suppose 2*a = -5*s + 567, 4*s + 10*a - 6*a - 444 = 0. Is s a multiple of 47?
False
Suppose -222*s + 2214 = -216*s. Is s a multiple of 9?
True
Suppose 1469 + 675 = 8*p. Is p a multiple of 11?
False
Suppose 20072 = 19*l - 6*l. Does 35 divide l?
False
Let y = -1769 - -1894. Does 63 divide y?
False
Let j(f) = 16*f - 20. Is 5 a factor of j(5)?
True
Let k(g) = -g**3 - 3*g**2 - g + 6. Let x be k(2). Let y = 37 + x. Does 21 divide y?
True
Let o(p) = -p**3 + 12*p**2 - 12*p - 18. Let i be (-45)/(3 + -8) - -1. Does 14 divide o(i)?
False
Is ((-8)/(-28) - 194/(-7))*154 a multiple of 18?
False
Suppose -33*u + 20*u + 64571 = 0. Does 109 divide u?
False
Suppose o + 4*o = 0. Let y(n) = 2*n**3 - 15*n**2 - 7*n - 5. Let q be y(8). Suppose -3*c - q*d + 89 + 196 = o, 4*d = c - 95. Is 13 a factor of c?
False
Let l(a) = -3*a + 19. Let o be l(10). Let s = 53 + o. Does 3 divide s?
True
Suppose 3*s = 16*s - 5733. Is s a multiple of 63?
True
Let l(n) = n**2 - 24*n + 24. Suppose 16 - 100 = -3*w. Does 17 divide l(w)?
True
Is 13 a factor of (22050/(-27))/(-14) + 8/(-6)?
False
Does 28 divide (-1*(-2)/(-2))/((-8)/2928)?
False
Suppose -12 = 2*s + 12. Let h be (-6)/(-4) + (-378)/s. Suppose 2*a + 1 = h. Is 6 a factor of a?
False
Suppose 0 = -4*c - 218 + 5994. Is 19 a factor of c?
True
Suppose -3*m + 5*s - s - 10 = 0, -10 = m - 3*s. Let r be -3*4/(-6)*-1. Is 9 a factor of r*m/(-2)*9?
True
Suppose 6 = -4*i + i. Let z(g) = -56*g. Let q be z(i). Let u = -80 + q. Is 12 a factor of u?
False
Let a = 854 - 838. Does 8 divide a?
True
Suppose -4928 = -17*x + 13*x. Is 14 a factor of x?
True
Let b = -60 - -56. Is 10 a factor of (-194)/b - 5/20*-6?
True
Let l be 0 - (-4)/(12/15). Suppose 4*o + 176 = 4*r - r, -4*r = l*o - 245. Suppose -4*d + r = d. Does 3 divide d?
True
Let u = -606 - -1352. Is u a multiple of 25?
False
Let i = 1111 - 540. Is i a multiple of 6?
False
Suppose -26 = -3*d - 5*v, 9*v + 80 = 5*d + 10*v. Is d a multiple of 4?
False
Suppose -15*n + 17*n - 528 = 0. Is 6 a factor of n?
True
Suppose -4*c + 8 = 2*s, -2*c = s +